*u - 4*r - 15. Let c be 12 - (1 + u + 1). Let l = 22 + -11. What is the greatest common factor of c and l?
11
Let j be (-1 + 4)/((-13)/(-10) + -1). What is the highest common divisor of 10 and j?
10
Suppose 3*o - 53 + 5 = 0. Suppose o = n + 6. Calculate the greatest common factor of 80 and n.
10
Let l(u) = u**3 - 4*u**2 - 2*u - 1. Let g be l(5). Let b = -1 - -29. What is the highest common divisor of b and g?
14
Let k be (-44)/(-3)*483/46. What is the highest common factor of 14 and k?
14
Let v be (-1830)/(-12)*12/10. Let y = v - 83. Let o(s) = s**2 - 4*s - 2. Let q be o(6). What is the highest common factor of y and q?
10
Let w = -11 - -32. What is the highest common factor of w and 7?
7
Suppose -3*u + 24 = y + 2*y, 28 = 4*y + 2*u. Calculate the highest common divisor of y and 48.
6
Let t = -23 - -36. Let q = -9 + t. Let n(b) = -b**3 + 9*b**2 - 2*b + 22. Let d be n(9). What is the greatest common factor of d and q?
4
Let p(g) = 2 - 3*g - 3*g + 10 + 7*g. Let h be p(-6). Let m(w) = -w**3 + 7*w**2 - 4*w - 7. Let z be m(h). Calculate the highest common factor of 2 and z.
1
Let w(v) = 7*v**2 - 2*v + 6. Let l be w(4). What is the greatest common divisor of l and 10?
10
Let t be -2*1 + (-7 - -6). Let f be 3/4 + t/4. Let q = f + 3. Calculate the greatest common divisor of q and 15.
3
Let i = 6 - 3. Suppose i*w + 2*w = 20. Suppose -3*p + w*m = -232, -p + m + 56 = 5*m. Calculate the highest common divisor of p and 12.
12
Let v(j) be the second derivative of -j**5/20 + 3*j**4/4 + j**3/2 - 7*j**2/2 - 2*j. Let d be v(9). What is the greatest common factor of d and 50?
10
Let b(y) = -7*y + 1. Let x be b(-1). Let r be 8/(((-6)/8)/(-3)). Let u = r + x. Calculate the greatest common factor of 8 and u.
8
Let h(l) = -56*l. Let a be h(-1). Let m(x) = -x**2 - 6*x + 9. Let s be m(-5). What is the highest common divisor of a and s?
14
Let n(o) = -7*o - 2. Let m be n(-3). Let g be -3 - (-3 - -2) - 0. Let z be 7/g*38/(-1). Calculate the highest common divisor of m and z.
19
Let d be 1 + 53 + 12/(7 - 3). Calculate the highest common factor of 19 and d.
19
Let q be -1*(-17 - -4) - -3. Calculate the highest common factor of q and 128.
16
Let n(s) = -2*s + 28. Let v be n(6). What is the greatest common divisor of 4 and v?
4
Let g(s) = -s**2 - s + 2. Let y be g(0). Suppose 5*x + 5*z = 5, -4*z - 16 = -4*x + 20. Calculate the highest common factor of y and x.
1
Suppose 0 = 14*c - 66 - 522. What is the highest common factor of c and 105?
21
Let o be ((-10)/4)/(4/(-160)). Let f = o - 55. What is the greatest common divisor of 9 and f?
9
Suppose 36 = 5*m - 3*m. Let h be 1*2 + -27 + 27. Calculate the highest common factor of m and h.
2
Let p be -15*(1 + -34*1). Suppose -p = -5*a - 0*d - 5*d, 2*a - 180 = 4*d. Let c = -180 - -192. What is the greatest common divisor of a and c?
12
Let i = 10 + -5. Suppose 4*n - 1 = -k + 13, -i*n = -3*k - 26. Let s = -23 + 33. What is the greatest common factor of s and n?
2
Suppose -1 - 31 = m. Let z = -27 - m. What is the highest common factor of z and 5?
5
Let b be 0/1 - (-4 + 3). Let j be 0/b - (-84)/1. What is the highest common divisor of j and 12?
12
Let h = -21 + 45. What is the greatest common divisor of 3 and h?
3
Let c be -5 + 1*(-6)/3. Let z = 1 - c. Let o = 88 + -56. Calculate the highest common divisor of z and o.
8
Let y = 66 + -44. Calculate the highest common divisor of 2 and y.
2
Let h(r) = -r**3 - r**2 + r + 41. Let x be h(0). Suppose -69 = -2*l + x. Let d be (33/(-9))/(1/(-6)). Calculate the highest common divisor of d and l.
11
Suppose -2*g - 1 = -i, 6*g = 3*i + 2*g - 11. Suppose 4*w - 116 = 4*n - i*n, 0 = n + 2*w - 28. What is the highest common factor of 40 and n?
20
Let w(c) = 6*c**2 - 4*c**2 - 11 + 1 + 8*c. Let q be w(-7). Suppose 0 = -4*s - 0 + q. Calculate the greatest common factor of s and 20.
4
Let h = 15 + -9. Suppose 2*p + 56 = h*p. What is the greatest common factor of p and 2?
2
Let n be 134/(-6) - (-6)/(-9). Let g(u) = u**2 - 6*u + 11. Let h be g(4). Let x be (n - h)*(-2)/4. Calculate the highest common divisor of 65 and x.
13
Let j be 57 + 4/(4/(-2)). Let t be 104/20 + 2/(-10). Calculate the highest common factor of j and t.
5
Let o be 54/12*48/9. Calculate the greatest common divisor of o and 16.
8
Let u be ((-14)/49)/((-1)/7) + 4. Suppose -2*q + 38 = -72. Let z = 11 + q. What is the greatest common factor of u and z?
6
Suppose 4*p - n - 481 = -33, 560 = 5*p - 2*n. Let h = 10 + 4. Calculate the highest common divisor of h and p.
14
Let u be 1/(4/(-6))*-8. Let f = 16 + -12. What is the greatest common factor of f and u?
4
Let o be ((-110)/(-3) - 0)*3. Let c be (-4)/(-10) - 216/(-10). What is the greatest common factor of c and o?
22
Let p(n) = 9*n**2 - n - 1. Let l be p(-1). Calculate the highest common divisor of 9 and l.
9
Let p(d) = 2*d**2. Let h be p(1). What is the greatest common divisor of 18 and h?
2
Let p(s) = 6*s**2 - 6*s. Let j be p(3). Calculate the greatest common divisor of j and 18.
18
Let t = 50 + -1. Let k be (-4)/14 + 51/7. What is the greatest common divisor of k and t?
7
Let b be (4/(-6))/((-4)/(-6)). Let r be 3/(-3) - (b - 21). Let g = 12 + 2. What is the highest common factor of r and g?
7
Suppose -49 = t + 5*o + 6, 0 = o + 2. Let h = t - -85. Calculate the highest common factor of h and 16.
8
Let n(o) = 4*o**2 + 5*o + 3. Let i be n(-3). Suppose 2*b - i = -b. What is the highest common divisor of b and 16?
8
Let a(p) = p**3 - 6*p**2 + 4*p - 6. Let s be a(6). Suppose 0 = 4*c + 3*f - 4 - 1, -2*c - f + 3 = 0. What is the greatest common factor of s and c?
2
Let v(a) = a**3 + 3*a**2 + 4*a + 1. Let d be v(-2). Let j be ((-2)/d)/((-2)/(-6)). What is the highest common factor of 4 and j?
2
Let n = 32 + -18. Let b(t) = -2*t + 1. Let s be b(-1). Suppose 0*m - s*m - 5*f = -11, 5*m = -3*f + 13. Calculate the greatest common divisor of n and m.
2
Let x = -33 + 46. Suppose 7*y - 325 = 2*y. Calculate the greatest common factor of y and x.
13
Let x(q) = -q + 8. Let h be x(6). Suppose 4*i - 4*b - h = 3*i, 2*b = -4*i + 44. Calculate the greatest common factor of 80 and i.
10
Let q be 1*((1 - -15) + 3). Let h(o) = o**3 + 10*o**2 - 2*o + 10. Let l be h(-7). What is the highest common factor of q and l?
19
Let c be 78/(-273) - ((-65)/7 + -1). What is the greatest common divisor of 90 and c?
10
Let k(a) = 2*a**3 + 6*a - 8. Let s be k(4). What is the highest common divisor of s and 16?
16
Let o(r) = -r**2 + 4*r + 15. Let t be o(-11). Let g = t - -241. Let p = -17 + 30. Calculate the highest common factor of g and p.
13
Let f = 2 - 4. Let k be 0*f/(-12)*3. Suppose 0*t - 2*t + 22 = k. Calculate the greatest common factor of 88 and t.
11
Let f be 4*(0 - -4) + 1. Suppose 22 = n - 5*l, -2*n + 3*l + f - 1 = 0. Calculate the highest common divisor of 1 and n.
1
Suppose 21 = 3*n - 36. Let s = 113 - 75. What is the greatest common divisor of n and s?
19
Suppose 3*q - 3 = 2*q. Suppose -2*l + 15 = -4*o - 3, -q*o = 3*l + 9. Calculate the highest common divisor of l and 11.
1
Let v(j) = -j**2 - 2*j + 3. Let x be v(-3). Suppose 0 = g + 4*k - 10 - x, 4 = 5*g - 3*k. Suppose g*o - 64 = 8. Calculate the greatest common factor of 24 and o.
12
Suppose 2*b - 2 = 2. Suppose 0 = -b*z - 5*x + 55, 3*x = -5*z - x + 95. What is the greatest common factor of z and 45?
15
Suppose s = -i + 15, 0 = -2*i + 3*s + 12 + 13. What is the greatest common factor of 21 and i?
7
Let b be (-1 - -2) + (4 - -278). Suppose -4*d = -b + 59. What is the greatest common factor of 14 and d?
14
Let a be (-102)/(-4) - (-18)/(-12). Calculate the greatest common divisor of a and 6.
6
Let t be (-36)/(-1) - (1 + -1). Suppose 0 = -4*w + 3*y + 42, -5*y + 22 + t = 4*w. Calculate the greatest common factor of 3 and w.
3
Suppose 3*v = -0*v + 18. Let j(n) = -n**3 + 6*n**2 + 6*n - 6. Let p be j(v). What is the highest common factor of p and 45?
15
Let r(t) = -t**3 + t**2 + t + 5. Let q be r(0). Let a be ((-6)/q)/((-6)/80). Calculate the greatest common divisor of a and 48.
16
Let z = -85 - -109. Suppose -3*n + 44 = 4*t, 0 = 2*n + 3*t - 32 + 1. What is the greatest common factor of z and n?
8
Let x be 1/(-4) - 1300/(-16). Let j(p) = -2*p - 1. Let l be j(-5). Calculate the highest common factor of x and l.
9
Let n(s) = s**3 + 56. Suppose 0 = -2*j + 4*j. Let v be (-3 + 2)